) to base 12.
-3
2 (base 5) to base 14
2
Convert 3 (base 15) to base 5.
3
Convert 43 (base 15) to base 14.
47
Convert 0 (base 16) to base 15.
0
Convert -7 (base 14) to base 6.
-11
Convert -137 (base 8) to base 13.
-74
Convert -1 (base 15) to base 3.
-1
What is 2 (base 14) in base 3?
2
116 (base 11) to base 16
8a
Convert -16 (base 8) to base 12.
-12
What is 2 (base 9) in base 12?
2
-3 (base 15) to base 12
-3
Convert 11 (base 4) to base 5.
10
Convert 1 (base 2) to base 9.
1
What is b (base 14) in base 9?
12
What is -2 (base 15) in base 5?
-2
-10110101 (base 2) to base 3
-20201
26 (base 12) to base 16
1e
-11 (base 10) to base 4
-23
Convert 38 (base 11) to base 10.
41
What is 2 (base 4) in base 5?
2
22 (base 3) to base 12
8
2 (base 9) to base 11
2
What is -76 (base 8) in base 4?
-332
What is -6 (base 7) in base 5?
-11
What is 6 (base 15) in base 2?
110
-11 (base 3) to base 16
-4
What is 42 (base 6) in base 12?
22
What is 3 (base 15) in base 3?
10
What is 1 (base 5) in base 12?
1
What is -5c (base 13) in base 7?
-140
Convert -3 (base 13) to base 5.
-3
What is -4 (base 16) in base 9?
-4
31 (base 6) to base 10
19
Convert -141 (base 5) to base 16.
-2e
-11 (base 4) to base 16
-5
What is -3 (base 4) in base 11?
-3
-56 (base 9) to base 3
-1220
What is -11 (base 10) in base 15?
-b
1231 (base 5) to base 6
515
Convert 122 (base 6) to base 4.
302
What is 1 (base 11) in base 4?
1
1100 (base 4) to base 16
50
Convert 40 (base 10) to base 2.
101000
-3 (base 10) to base 2
-11
Convert -1011 (base 3) to base 16.
-1f
-37 (base 11) to base 2
-101000
-a (base 15) to base 13
-a
-9 (base 15) to base 16
-9
What is -4 (base 11) in base 5?
-4
-6 (base 9) to base 14
-6
Convert 2b (base 16) to base 2.
101011
What is -28 (base 12) in base 15?
-22
Convert 2 (base 14) to base 5.
2
What is 206 (base 8) in base 5?
1014
1d (base 15) to base 14
20
What is 0 (base 2) in base 3?
0
What is 4 (base 15) in base 2?
100
-11 (base 2) to base 13
-3
What is 1a (base 15) in base 10?
25
Convert 2 (base 11) to base 9.
2
-5 (base 12) to base 2
-101
Convert 2202 (base 3) to base 16.
4a
What is -1 (base 3) in base 2?
-1
11011 (base 2) to base 4
123
Convert -1011101 (base 2) to base 9.
-113
Convert 2 (base 3) to base 9.
2
What is 513 (base 6) in base 5?
1224
What is 1010110 (base 2) in base 3?
10012
What is -b2 (base 12) in base 13?
-a4
What is -1014 (base 5) in base 10?
-134
2 (base 6) to base 7
2
What is 10 (base 3) in base 11?
3
Convert 2c (base 14) to base 9.
44
What is 432 (base 5) in base 9?
140
Convert -5 (base 14) to base 4.
-11
Convert 41 (base 14) to base 12.
49
Convert -47 (base 12) to base 11.
-50
What is 1 (base 14) in base 10?
1
What is 10101 (base 4) in base 9?
333
-3 (base 10) to base 3
-10
Convert -32 (base 6) to base 15.
-15
What is -11 (base 5) in base 6?
-10
What is 1 (base 7) in base 3?
1
1 (base 6) to base 13
1
What is -1e (base 15) in base 4?
-131
47 (base 14) to base 10
63
Convert -7 (base 16) to base 6.
-11
10 (base 10) to base 11
a
What is 1 (base 13) in base 14?
1
-3 (base 10) to base 15
-3
What is -10 (base 5) in base 6?
-5
64 (base 15) to base 13
73
-37 (base 14) to base 6
-121
Convert 2101 (base 3) to base 13.
4c
-31 (base 12) to base 9
-41
52 (base 6) to base 2
100000
Convert 1332 (base 5) to base 8.
331
Convert 20 (base 9) to base 13.
15
Convert 6 (base 8) to base 11.
6
Convert 3 (base 5) to base 11.
3
Convert 100000 (base 2) to base 10.
32
Convert -ae (base 16) to base 9.
-213
0 (base 16) to base 6
0
1100 (base 2) to base 6
20
Convert -1 (base 11) to base 3.
-1
Convert -10 (base 3) to base 6.
-3
What is -5 (base 6) in base 15?
-5
What is -1b (base 16) in base 14?
-1d
What is -100011 (base 2) in base 12?
-2b
What is 3 (base 13) in base 16?
3
Convert -1300 (base 4) to base 10.
-112
Convert -3 (base 10) to base 8.
-3
335 (base 6) to base 4
2003
Convert 2 (base 13) to base 14.
2
Convert 2 (base 15) to base 8.
2
-99 (base 15) to base 8
-220
Convert -6 (base 10) to base 13.
-6
2 (base 10) to base 5
2
Convert -11 (base 9) to base 10.
-10
What is 24 (base 12) in base 10?
28
4 (base 13) to base 16
4
Convert -6 (base 11) to base 7.
-6
What is 49 (base 10) in base 3?
1211
-4 (base 12) to base 3
-11
What is 11110 (base 3) in base 15?
80
What is -27 (base 13) in base 16?
-21
-36 (base 8) to base 9
-33
What is 10 (base 2) in base 9?
2
1111 (base 3) to base 4
220
Convert 20 (base 7) to base 4.
32
What is 31 (base 8) in base 12?
21
What is 3c (base 16) in base 9?
66
What is 3a (base 12) in base 3?
1201
Convert -100 (base 3) to base 12.
-9
What is 22 (base 13) in base 6?
44
155 (base 7) to base 4
1121
What is -39 (base 12) in base 9?
-50
Convert -9 (base 14) to base 9.
-10
What is 0 (base 10) in base 16?
0
Convert -6 (base 10) to base 7.
-6
Convert 3221 (base 4) to base 13.
14c
Convert -100 (base 6) to base 5.
-121
-4 (base 9) to base 15
-4
2 (base 8) to base 4
2
Convert 1101 (base 2) to base 10.
13
Convert -100 (base 2) to base 16.
-4
Convert 10 (base 8) to base 7.
11
What is 0 (base 3) in base 16?
0
What is -4 (base 11) in base 10?
-4
0 (base 3) to base 15
0
Convert 35 (base 16) to base 14.
3b
Convert 24 (base 12) to base 5.
103
-4 (base 8) to base 12
-4
Convert 1 (base 7) to base 13.
1
Convert -d (base 15) to base 8.
-15
Convert -33 (base 9) to base 15.
-20
Convert -5 (base 8) to base 6.
-5
What is a (base 13) in base 15?
a
What is 24 (base 12) in base 7?
40
What is -2 (base 12) in base 14?
-2
-22 (base 6) to base 10
-14
What is 6c (base 16) in base 8?
154
What is -1131 (base 5) in base 3?
-20011
220 (base 4) to base 7
55
What is b (base 13) in base 14?
b
158 (base 10) to base 5
1113
1 (base 6) to base 7
1
Convert 6a (base 15) to base 12.
84
36 (base 13) to base 7
63
11 (base 6) to base 9
7
Convert 0 (base 6) to base 4.
0
What is -149 (base 10) in base 11?
-126
a2 (base 11) to base 10
112
Convert 28 (base 13) to base 11.
31
10 (base 6) to base 4
12
Convert 16 (base 8) to base 14.
10
What is b3 (base 14) in base 2?
10011101
3 (base 16) to base 10
3
What is -1 (base 7) in base 16?
-1
Convert 127 (base 8) to base 7.
153
8 (base 12) to base 10
8
6 (base 14) to base 16
6
Convert 2 (base 8) to base 12.
2
-143 (base 7) to base 5
-310
1314 (base 5) to base 4
3101
What is 9 (base 13) in base 14?
9
What is -1 (base 4) in base 3?
-1
22 (base 9) to base 5
40
102 (base 3) to base 11
10
Convert -1 (base 16) to base 8.
-1
What is 71 (base 13) in base 10?
92
222 (base 7) to base 4
1302
Convert 110001 (base 2) to base 4.
301
22 (base 12) to base 2
11010
4 (base 9) to base 2
100
What is -4 (base 15) in base 8?
-4
What is -444 (base 5) in base 6?
-324
-2 (base 3) to base 13
-2
Convert -4 (base 9) to base 4.
-10
-5 (base 9) to base 4
-11
305 (base 8) to base 9
238
Convert -12 (base 9) to base 2.
-1011
What is 9 (base 13) in base 14?
9
What is -12 (base 3) in base 6?
-5
4 (base 10) to base 14
4
What is -10 (base 4) in base 8?
-4
4 (base 5) to base 4
10
200 (base 4) to base 6
52
Convert 2d (base 16) to base 12.
39
What is c (base 14) in base 3?
110
111 (base 3) to base 10
13
-5 (base 10) to base 16
-5
What is 2133 (base 5) in base 11?
247
3 (base 12) to base 6
3
What is 2 (base 10) in base 11?
2
0 (base 5) to base 6
0
Convert -b8 (base 12) to base 15.
-95
Convert 252 (base 9) to base 13.
131
Convert -5 (base 7) to base 4.
-11
What is 4 (base 14) in base 3?
11
3 (base 12) to base 2
11
What is 9b (base 14) in base 4?
2021
-10 (base 10) to base 5
-20
Convert 5a (base 15) to base 7.
151
-30 (base 10) to base 9
-33
-2 (base 16) to base 13
-2
Convert -232 (base 10) to base 2.
-11101000
51 (base 12) to base 3
2021
What is 20 (base 3) in base 12?
6
-110 (base 2) to base 10
-6
Convert 11 (base 13) to base 2.
1110
Convert 1121 (base 3) to base 4.
223
What is -20 (base 4) in base 7?
-11
50 (base 8) to base 16
28
Convert -3 (base 6) to base 2.
-11
Convert -100100 (base 2) to base 14.
-28
What is -17 (base 10) in base 3?
-122
7 (base 10) to base 2
111
What is -16 (base 7) in base 15?
-d
9 (base 14) to base 9
10
Convert 132 (base 6) to base 9.
62
Convert -101100 (base 2) to base 7.
-62
What is 1 (base 2) in base 3?
1
-59 (base 10) to base 5
-214
Convert b (base 14) to base 10.
11
What is -5 (base 14) in base 15?
-5
What is -20 (base 4) in base 10?
-8
Convert -1 (base 3) to base 4.
-1
Convert -101 (base 10) to 